{"id":6,"date":"2020-01-19T16:12:11","date_gmt":"2020-01-19T15:12:11","guid":{"rendered":"https:\/\/ewahaasstark.de\/?page_id=6"},"modified":"2025-09-25T11:08:58","modified_gmt":"2025-09-25T09:08:58","slug":"about-me","status":"publish","type":"page","link":"https:\/\/ewahaasstark.de\/?page_id=6","title":{"rendered":"About me"},"content":{"rendered":"\n<h3 class=\"wp-block-heading\"><strong>Ewa Haas-Stark<\/strong><\/h3>\n\n\n\n<p><strong>Model | CEO | Editor-in-Chief<\/strong><\/p>\n\n\n\n<p><strong>Internationally Represented<\/strong><br><strong>Based in<\/strong>: Germany (Braunschweig, Berlin, Hamburg, D\u00fcsseldorf, M\u00fcnchen) &amp; Internationally (New York, Milan, Paris)<\/p>\n\n\n\n<p><strong>About Me<\/strong><br>Mein Name ist <strong>Ewa<\/strong>, und ich bin <strong>Model, CEO<\/strong> und <strong>Editor-in-Chief<\/strong> des Magazins <strong>EWA&#8217;S PLACE<\/strong>. Als vielseitiges Model und Unternehmerin durfte ich mit namhaften Designern, renommierten Marken und kreativen K\u00f6pfen weltweit zusammenarbeiten.<\/p>\n\n\n\n<p><strong>Catwalk Highlights<\/strong>: Milan, Paris, Berlin, New York<br><strong>Designer Collaborations<\/strong>: JDS Joel da Silva, Elie Balleh, The Viola, Avidlove, Sassy, Angiwings<\/p>\n\n\n\n<p><strong>Erfolg &amp; Erfahrung<\/strong><br>2019 wurde ich <strong>6. bei Miss 50plus Germany 2020<\/strong> \u2013 eine Erfahrung, die meine Leidenschaft f\u00fcr Mode, Eleganz und zeitlose Sch\u00f6nheit noch mehr best\u00e4rkt hat.<\/p>\n\n\n\n<p><strong>2024: \u201eFace of Braunschweig\u201c<\/strong>, eine besondere Auszeichnung, die meine Leidenschaft f\u00fcr Frauen 50 plus unterstreicht und zeigt, dass Sch\u00f6nheit, Stil und Selbstbewusstsein keine Altersgrenzen kennen.<\/p>\n\n\n\n<p><strong>Languages<\/strong>: Polnisch, Deutsch, Englisch<br><strong>Ma\u00dfe<\/strong>: 87 \/ 63 \/ 87 cm | Gr\u00f6\u00dfe: 162 cm | Konfektion: 34\/36<\/p>\n\n\n\n<p>Ob auf dem Laufsteg, vor der Kamera oder als kreative Vision\u00e4rin \u2013 Mode ist f\u00fcr mich nicht nur ein Beruf, sondern eine Lebenskunst. <strong>Ich freue mich auf inspirierende neue Projekte!<\/strong><\/p>\n\n\n\n<p><strong>Let\u2019s connect!<\/strong> ewa@ewas-place.de oder ewahaas@aol.com<\/p>\n\n\n\n<h3 class=\"wp-block-heading\"><strong>Ewa Haas-Stark<\/strong><\/h3>\n\n\n\n<p><strong>Model | CEO | Editor-in-Chief<\/strong><\/p>\n\n\n\n<p><strong>International Representation<\/strong><br><strong>Based in<\/strong>: Germany (Braunschweig, Berlin, Hamburg, D\u00fcsseldorf, Munich) &amp; Internationally (New York, Milan, Paris)<\/p>\n\n\n\n<p><strong>About Me<\/strong><br>My name is <strong>Ewa<\/strong>, and I am a <strong>Model, CEO, and Editor-in-Chief<\/strong> of <strong>EWA&#8217;S PLACE<\/strong> magazine. As a multifaceted model and entrepreneur, I have had the privilege of working with renowned designers, prestigious brands, and visionary creatives worldwide.<\/p>\n\n\n\n<p><strong>Runway Highlights<\/strong>: Milan, Paris, Berlin, New York<br><strong>Designer Collaborations<\/strong>: JDS Joel da Silva, Elie Balleh, The Viola, Avidlove, Sassy, Angiwings<br><\/p>\n\n\n\n<p><strong>Achievements &amp; Experience<\/strong><br>In <strong>2019, I placed 6th in Miss 50plus Germany 2020<\/strong>, an experience that reinforced my passion for fashion, elegance, and timeless beauty.<\/p>\n\n\n\n<p><strong>2024: \u201cFace of Braunschweig\u201d<\/strong>, a special honor that highlights my passion for empowering women 50+ and proving that beauty, style, and confidence have no age limits.<\/p>\n\n\n\n<p><strong>Languages<\/strong>: Polish, German, English<br><strong>Measurements<\/strong>: 87 \/ 63 \/ 87 cm | Height: 162 cm | Size: 34\/36<\/p>\n\n\n\n<p>Whether on the runway, in front of the camera, or leading creative projects, fashion is not just a career for me\u2014it\u2019s an art of living. <strong>Excited for new inspiring collaborations!<\/strong><\/p>\n\n\n\n<p>\ud83d\udce9 <strong>Let\u2019s connect!<\/strong> ewa@ewas-place.de or ewahaas@aol.com<\/p>\n\n\n\n<figure class=\"wp-block-gallery has-nested-images columns-default is-cropped wp-block-gallery-1 is-layout-flex wp-block-gallery-is-layout-flex\">\n<figure class=\"wp-block-image size-large\"><img loading=\"lazy\" decoding=\"async\" width=\"778\" height=\"1024\" data-id=\"1537\" src=\"https:\/\/ewahaasstark.de\/wp-content\/uploads\/2025\/03\/Screenshot_20250114_101343_Instagram-2-778x1024.jpg\" alt=\"\" class=\"wp-image-1537\" srcset=\"https:\/\/ewahaasstark.de\/wp-content\/uploads\/2025\/03\/Screenshot_20250114_101343_Instagram-2-778x1024.jpg 778w, https:\/\/ewahaasstark.de\/wp-content\/uploads\/2025\/03\/Screenshot_20250114_101343_Instagram-2-228x300.jpg 228w, https:\/\/ewahaasstark.de\/wp-content\/uploads\/2025\/03\/Screenshot_20250114_101343_Instagram-2-768x1011.jpg 768w, https:\/\/ewahaasstark.de\/wp-content\/uploads\/2025\/03\/Screenshot_20250114_101343_Instagram-2-580x763.jpg 580w, https:\/\/ewahaasstark.de\/wp-content\/uploads\/2025\/03\/Screenshot_20250114_101343_Instagram-2-860x1132.jpg 860w, https:\/\/ewahaasstark.de\/wp-content\/uploads\/2025\/03\/Screenshot_20250114_101343_Instagram-2-600x790.jpg 600w, https:\/\/ewahaasstark.de\/wp-content\/uploads\/2025\/03\/Screenshot_20250114_101343_Instagram-2.jpg 1006w\" sizes=\"auto, (max-width: 778px) 100vw, 778px\" \/><\/figure>\n\n\n\n<figure class=\"wp-block-image size-large\"><img loading=\"lazy\" decoding=\"async\" width=\"731\" height=\"1024\" data-id=\"1536\" src=\"https:\/\/ewahaasstark.de\/wp-content\/uploads\/2025\/03\/Screenshot_20250311_152820_Samsung-Internet-3-731x1024.jpg\" alt=\"\" class=\"wp-image-1536\" srcset=\"https:\/\/ewahaasstark.de\/wp-content\/uploads\/2025\/03\/Screenshot_20250311_152820_Samsung-Internet-3-731x1024.jpg 731w, https:\/\/ewahaasstark.de\/wp-content\/uploads\/2025\/03\/Screenshot_20250311_152820_Samsung-Internet-3-214x300.jpg 214w, https:\/\/ewahaasstark.de\/wp-content\/uploads\/2025\/03\/Screenshot_20250311_152820_Samsung-Internet-3-768x1075.jpg 768w, https:\/\/ewahaasstark.de\/wp-content\/uploads\/2025\/03\/Screenshot_20250311_152820_Samsung-Internet-3-580x812.jpg 580w, https:\/\/ewahaasstark.de\/wp-content\/uploads\/2025\/03\/Screenshot_20250311_152820_Samsung-Internet-3-860x1204.jpg 860w, https:\/\/ewahaasstark.de\/wp-content\/uploads\/2025\/03\/Screenshot_20250311_152820_Samsung-Internet-3-600x840.jpg 600w, https:\/\/ewahaasstark.de\/wp-content\/uploads\/2025\/03\/Screenshot_20250311_152820_Samsung-Internet-3.jpg 965w\" sizes=\"auto, (max-width: 731px) 100vw, 731px\" \/><\/figure>\n<\/figure>\n\n\n\n<p><br><\/p>\n\n\n\n<p><\/p>\n\n\n\n<p><\/p>\n\n\n\n<figure class=\"wp-block-pullquote\"><blockquote><p><strong>Nur wer sein Ziel kennt, findet den Weg<\/strong><\/p><\/blockquote><\/figure>\n","protected":false},"excerpt":{"rendered":"<p>Ewa Haas-Stark Model | CEO | Editor-in-Chief Internationally RepresentedBased in: Germany (Braunschweig, Berlin, Hamburg, D\u00fcsseldorf, M\u00fcnchen) &amp; Internationally (New York, Milan, Paris) About MeMein Name ist Ewa, und ich bin Model, CEO und Editor-in-Chief des Magazins EWA&#8217;S PLACE. Als vielseitiges Model und Unternehmerin durfte ich mit namhaften Designern, renommierten Marken und kreativen K\u00f6pfen weltweit zusammenarbeiten&#8230;.<\/p>\n","protected":false},"author":1,"featured_media":0,"parent":0,"menu_order":0,"comment_status":"closed","ping_status":"closed","template":"","meta":{"footnotes":""},"class_list":["post-6","page","type-page","status-publish","hentry"],"_links":{"self":[{"href":"https:\/\/ewahaasstark.de\/index.php?rest_route=\/wp\/v2\/pages\/6","targetHints":{"allow":["GET"]}}],"collection":[{"href":"https:\/\/ewahaasstark.de\/index.php?rest_route=\/wp\/v2\/pages"}],"about":[{"href":"https:\/\/ewahaasstark.de\/index.php?rest_route=\/wp\/v2\/types\/page"}],"author":[{"embeddable":true,"href":"https:\/\/ewahaasstark.de\/index.php?rest_route=\/wp\/v2\/users\/1"}],"replies":[{"embeddable":true,"href":"https:\/\/ewahaasstark.de\/index.php?rest_route=%2Fwp%2Fv2%2Fcomments&post=6"}],"version-history":[{"count":63,"href":"https:\/\/ewahaasstark.de\/index.php?rest_route=\/wp\/v2\/pages\/6\/revisions"}],"predecessor-version":[{"id":1561,"href":"https:\/\/ewahaasstark.de\/index.php?rest_route=\/wp\/v2\/pages\/6\/revisions\/1561"}],"wp:attachment":[{"href":"https:\/\/ewahaasstark.de\/index.php?rest_route=%2Fwp%2Fv2%2Fmedia&parent=6"}],"curies":[{"name":"wp","href":"https:\/\/api.w.org\/{rel}","templated":true}]}}